hen 346 is divided by (-2 - -8) + 22 + 1?
27
Let l be (-20)/(-11) + 8/44. Let f = l - 0. Suppose -2*j + f = -122. What is the remainder when j is divided by 21?
20
Let q = 36 + -25. Suppose -7*s - q = -8*s. Calculate the remainder when s is divided by 7.
4
Suppose -2*k = -5*m + 11, 0*m + 1 = m. Let f(b) = 4*b - 3. What is the remainder when (3 - (-18)/k) + 36 is divided by f(5)?
16
Suppose -10 = 2*d - 46. Let y(b) = 19*b + 136. What is the remainder when d is divided by y(-7)?
0
Let t(q) = 2*q**2 + 0*q**2 + 29*q**3 - 30*q**3 + 3*q. Let j be t(-3). Suppose 3*o - 7*o + j = 0. Calculate the remainder when 33 is divided by o.
6
Let w(c) = c**3 - 5*c**2 - c + 5. Let x be w(5). Let p(z) = -z**3 - z**2 - 8. Let u be p(x). Let s(t) = -t + 3. What is the remainder when s(u) is divided by 6?
5
What is the remainder when 56 is divided by 156/18 - 3/(-9)?
2
Let t be 127/(-5) - (-2)/5. Let c = t + 47. Suppose 2596 = 46*q - 348. What is the remainder when q is divided by c?
20
Suppose -3*n + 48 = -7*n. Let g = 12 + n. Suppose -c - c - 4*k + 26 = g, -k - 25 = -3*c. Calculate the remainder when 53 is divided by c.
8
Let j = -82 + 96. Calculate the remainder when 50 is divided by j.
8
Suppose -d - 14 = -8*d. Let v(m) = m**2 - 4*m + 6. Let y be v(d). Suppose -6*l + 4*l - a = -95, y*l = -3*a + 89. What is the remainder when l is divided by 17?
15
Suppose -104 = 9*f - 13*f. Let w = 111 - 72. Let h = 62 + w. Calculate the remainder when h is divided by f.
23
What is the remainder when -4 - -9 - (-1248)/((-28)/(-7)) is divided by 29?
27
Suppose -1 - 4 = -o. Suppose -a = -3*v + o, 3*a + 10 = -2*v + a. Let g(q) = q + 28. Calculate the remainder when g(v) is divided by 15.
13
Let k be (24/32)/(2/(-24)). Let r = 29 + k. Suppose -r = -7*p + 2*p. What is the remainder when 6 is divided by p?
2
Let h(i) = -i - 6. Let t be h(-5). Calculate the remainder when 69 is divided by 14*(14/4 + t).
34
Calculate the remainder when 167 is divided by (24/(-10))/((-4)/70).
41
Let r = -24 + 26. Calculate the remainder when 3 is divided by r.
1
Let y(p) = p**3 - 24*p**2 + 49*p - 70. Calculate the remainder when 199 is divided by y(22).
39
Let t(x) = -x**3 - 11*x**2 - 19*x - 35. What is the remainder when 489 is divided by t(-10)?
49
Let z = -169 + 200. What is the remainder when 54 is divided by z?
23
Let g(q) = q**3 - 5*q**2 + 7*q. Let v be g(6). Let d = v - 59. Calculate the remainder when 148 is divided by d.
15
Let p(d) = 8*d**2 - 5*d**2 - 4*d**2 + 68. Let a be p(0). Let g = -46 + a. What is the remainder when g is divided by 8?
6
Let h be ((-3)/2)/((-3)/4). Suppose 0 = -4*s + 31 + 13. Calculate the remainder when 24 - -5 - h/(-1) is divided by s.
9
Suppose -500 = -10*g - 0*g. Calculate the remainder when g is divided by 19.
12
Let p = 78 + -48. Let y = 29165 - 29057. Calculate the remainder when y is divided by p.
18
Let d = 292 + -153. Suppose 8*o = d + 5. Suppose 0 = -l - 5*k + 72, -k = -3*l + 88 + 112. Calculate the remainder when l is divided by o.
13
Let h(l) be the third derivative of -l**4/6 - l**3/3 + 9*l**2. Calculate the remainder when (-39)/(-6)*(-6)/(-1) is divided by h(-4).
11
Let j(f) = -f**3 - 5*f**2 - 5*f + 9. What is the remainder when 156 is divided by j(-5)?
20
Suppose -2*q + 55 = 3*q. Let w be (-8)/(-14) - (-748)/14. Calculate the remainder when (-187)/(-9) + 12/w is divided by q.
10
Let u = 7 + 4. Let z = 20 + -18. Suppose z*x + t = 40, 2*x - 52 = 5*t - 0*t. What is the remainder when x is divided by u?
10
Suppose 3*x - 5*y = -23 + 118, 3*x = 4*y + 100. What is the remainder when x is divided by 25?
15
Suppose 47*l - 1001 = 6*l - 50*l. What is the remainder when 58/(-3)*(-6)/4 is divided by l?
7
Let q(t) = t**3 - t**2 + 2*t + 1. Let b be q(0). What is the remainder when 3 is divided by -1*2*(0 - b)?
1
Suppose -2*w + 28 = -11 - 29. Suppose -3*m + 181 = -5*b, 3*b - 213 = -6*m + 3*m. Calculate the remainder when m is divided by w.
33
Let x = -36 + 41. Calculate the remainder when 37 is divided by ((-2)/(5/x))/((-1)/5).
7
Suppose -5*a + 254 = -0*a + 4*y, 4*a = 2*y + 224. Calculate the remainder when a is divided by 28.
26
Let x = 235 - 126. Let g = -69 + x. Suppose 0*s - s + 14 = 0. What is the remainder when g is divided by s?
12
Suppose 7*w - 8 = 5*w. Suppose -w*b = -3*b - 2. Calculate the remainder when 0 + -3*(-7 - b) is divided by 7.
6
Suppose -19*r = -4*r - 420. Suppose 0*z = -4*z + r. What is the remainder when 25 is divided by z?
4
Suppose -3*g = 2*j - 435, -3*g + 1 + 2 = 0. Suppose v + 3*v - j = 0. What is the remainder when v is divided by 19?
16
Let i(q) = -49*q - 60. Calculate the remainder when i(-2) is divided by 12.
2
Suppose 9*d - 150 = 417. Suppose 4*u = 41 + d. Calculate the remainder when 233 is divided by u.
25
Let f = -651 - -389. Let b = f - -370. Suppose h = 5*h - b. What is the remainder when h is divided by 14?
13
Let w(t) = -52*t - 233. What is the remainder when w(-17) is divided by 4?
3
Suppose -2*i - 5*g = 3*i + 95, 0 = -4*i + 2*g - 70. Let l = -20 - i. What is the remainder when 26 is divided by 15 + l + -4 + 5?
12
Let x = -422 + 477. Calculate the remainder when x is divided by 49.
6
Suppose m = -0*j + j + 2018, 3*m + 5*j = 6070. What is the remainder when m/25 - (-2)/10 is divided by 12?
9
Calculate the remainder when (-4066)/(-8) - (-1)/4*-1 is divided by 51.
49
Suppose 15*w = 13*w + 34. Calculate the remainder when ((-6)/(-12))/(1/166) is divided by w.
15
Suppose 135*f + 124 = 136*f. What is the remainder when f is divided by 22?
14
Suppose j = -i - 102 + 301, 4*j - 3*i = 761. What is the remainder when j is divided by 33?
29
Let x(b) = 2*b**2 + 3*b + 4. Let n = 11 + -5. Let l = 13 - n. What is the remainder when x(-3) is divided by l?
6
Let l(r) = -28*r. Suppose -t + 2*g = 5, t + 3*g = -5 - 0. Let z(f) = 9*f. Let o(c) = t*l(c) - 16*z(c). What is the remainder when o(-5) is divided by 7?
6
Let b(h) = 5*h - 35. Let q be b(17). Let w = q + -38. Calculate the remainder when w is divided by 5.
2
Suppose -5*r + 3*r + 28 = 0. What is the remainder when 40 is divided by (2/(-4))/(-1)*r?
5
Let a = 22 - 37. What is the remainder when (a/2)/5*-78 is divided by 30?
27
Let c = -11 + 15. Let u = 4638 - 4635. What is the remainder when c is divided by u?
1
Suppose 2 = -2*l + 28. Suppose 0 = 6*f - l*f + 28. Calculate the remainder when 5 is divided by f.
1
Suppose -7 = -i - 3*r + 15, 4*r - 51 = -3*i. Suppose 10*w - i*w = -102. Calculate the remainder when 65 is divided by w.
31
Suppose -3*o = 15, 4*o = 4*b - 0*o - 68. Suppose -3*j + 0*j + 140 = 4*m, -3*j = b. Calculate the remainder when 74 is divided by m.
36
Calculate the remainder when ((-1368)/32)/(1/(-4)) is divided by 45.
36
Suppose -30 = -g + 7. Let x = -145 - -145. Suppose -49*d + 46*d + 213 = x. What is the remainder when d is divided by g?
34
Calculate the remainder when ((-2)/(-9)*3)/(150/34425) is divided by 14.
13
Suppose 2*j = -5*f + 100, 0 = 4*j + 3*f - 224 - 4. Calculate the remainder when 68 is divided by j.
8
Let x(c) = -c**3 - 9*c**2 - 13*c + 18. Calculate the remainder when 19 is divided by x(-7).
8
Let z = 4426 + -4416. Let c = -3 - -4. Suppose 5 = p - c. Calculate the remainder when z is divided by p.
4
Let p = -460 + 487. What is the remainder when 33 is divided by p?
6
Calculate the remainder when 336 is divided by (-15)/6*9/45*-68.
30
Let s be (26/2 - 0) + 1 + 2. Suppose -s*l = -19*l + 108. What is the remainder when l is divided by 8?
4
Suppose 0*m = 5*p - m - 245, -2*p + 98 = 3*m. Suppose -3*k = -7*k + 16, -2*o - 4*k + 58 = 0. What is the remainder when p is divided by 121/7 + ((-24)/o)/4?
15
Suppose -19*i = -311 - 924. Calculate the remainder when 188 is divided by i.
58
Let v(t) = -t**3 - 20*t**2 - 52*t. What is the remainder when 337 is divided by v(-17)?
14
Calculate the remainder when 1046 is divided by 252/(-15)*((-24)/16 - 1).
38
Let r(i) = 0*i**2 + i**3 + 3*i + 4 - 3 + i**2. Suppose 0 = -w + 2*a + 8, 4*a + 9 = -w + 41. What is the remainder when r(3) is divided by w?
14
Let n = -11 + 15. Suppose g = -2*x - n*g + 24, x = 4*g - 1. Let v = 15 - x. Calculate the remainder when 14 is divided by v.
6
Suppose -67*w = -64440 + 17406. Calculate the remainder when w is divided by 15.
12
Let i(a) be the first derivative of -a**2 + 14*a - 20. What is the remainder when 